j be (819/(-455))/(6/(-20)). Determine a(j).
17
Let j(k) be the third derivative of 8 - 1/4*k**4 + 0*k + 1/60*k**5 - 1/6*k**3 + 2*k**2. Let z be (-11)/11*(-6 + 0). What is j(z)?
-1
Let h(g) = -g**2 + 5*g + 48. Suppose 68*l - 69*l + 4*z = -15, 4*l + 10 = 2*z. Determine h(l).
-2
Let p(b) = b**3 - 6*b**2 + 5*b - 4. Let y(a) = -21*a**2 - 21*a - 130. Let k be y(-5). Let v be ((-28)/10)/(385/k). Give p(v).
-16
Let l(y) = y**2 + y - 7. Let u = 233 - 220. Suppose 14*n = u*n. Calculate l(n).
-7
Let q(i) = 58*i**2 + 54*i**2 + 53*i**2 + 16 - 19*i + 57*i**2 - 221*i**2. Calculate q(16).
-32
Let f(k) = 6*k**2 - 3*k - 4. Let y be f(-1). Let x(d) be the first derivative of -d**2/2 + 11*d - 20. What is x(y)?
6
Let y be ((0 + 1)/2)/(11/44). Let w be y/6 + (-42)/(-9). Let u(t) = t**2 - 6*t + 5. Determine u(w).
0
Let w = -12 - 1. Let u be (6 + 7 + -14)*(0 - 16). Let y = w + u. Let l(i) = i - 1. Determine l(y).
2
Let j(r) = -18*r**2 - 4*r + 8. Let c(o) = -7 - 245*o + 0*o**2 + 248*o + 15*o**2. Let b(s) = -4*c(s) - 3*j(s). Give b(-3).
-50
Let r = 8304 + -8295. Let p(k) = 2*k - 36. Calculate p(r).
-18
Let g(m) = -m**2 + 12. Suppose 29*k = 100*k - 22*k. What is g(k)?
12
Let y be (-2)/14 + 1332/14. Suppose 2*m = -29 + y. Let v(k) = -2*k + 37 + k**3 + 6*k + 5*k**2 - m. Calculate v(-4).
4
Let s be (-7 + 44/6)/(1/18). Suppose -s*c + 8*c + 14 = 0. Let m(z) = z + 10. Give m(c).
3
Let p = -521 - -530. Suppose -5*m = 0, -2*k + 2*m + p = 1. Let o(y) = y**3 - 4*y**2 + 3*y + 3. Calculate o(k).
15
Let l(v) = -v**3 - 4*v**2 + 4*v - 3. Let p be -7 - (-4)/2 - 12806/38. Let b = p - -337. What is l(b)?
2
Let g = -5 + 8. Let y(p) be the first derivative of p**2 + 86 - 1/4*p**4 + p**3 - 4*p. Give y(g).
2
Let y be -11 + 12 - (4/(-2))/2. Let l(k) = 3*k**2 - 10*k - 2*k**y + 9*k. Let w(z) = -2*z**2 + 2*z - 1. Let v(b) = 3*l(b) + w(b). Calculate v(2).
1
Suppose -38 = -2*o + 2*g, 93 = 5*o - 2*g - 2*g. Let m = -14 + o. Let j(h) = -h + 3 - 7 - 6 + m. Calculate j(-8).
1
Let a(c) = 5*c**2 + 30*c + 96. Let z(y) = -7*y**2 - 31*y - 99. Let b(l) = 4*a(l) + 3*z(l). Determine b(-3).
-3
Suppose 0*d - 2*d - 5*t = 21, d - 2*t = -24. Let n(l) = -l**3 - 20*l**2 - 35*l + 15. What is n(d)?
-3
Let k(w) = -10*w + 81. Let r(v) = v**2 + 656*v + 6468. Let i be r(-10). Calculate k(i).
1
Let u be (54 + (-56)/(-8))/((-2)/(-10)). Let d(v) = -611*v + 304*v + u*v. Calculate d(-3).
6
Suppose p - 16 = 3*b, 105*p + 3*b + 44 = 110*p. Let s(g) = 10*g - 47. Calculate s(p).
23
Let o be (-1*6/4)/(14*24/672). Let q(g) = 3*g**2 + 3*g + 5. Determine q(o).
23
Let g(s) = -1488*s + 742*s + 751*s. Let v = 11 + -8. Suppose 2*h = -3*q + 10 - 0, 0 = -v*h + 4*q + 15. Calculate g(h).
25
Let f(s) = s**3 + 11*s**2 + 4*s + 10. Let v = 7947 + -7958. Give f(v).
-34
Let n(y) = -3*y + 1. Let o(h) = 8 + 26*h + 3*h**2 - 18 - 5. Let w be o(-9). Determine n(w).
19
Let q(c) = -471*c + 3 + 900*c - 444*c. Give q(-5).
78
Let m(j) be the third derivative of 7*j**4/24 + 5*j**3/6 - 508*j**2. Determine m(2).
19
Suppose -40*u = -35*u - 10. Let b(w) = w**2 - 3*w - 3. Let h(o) = -o - 1. Let a(r) = -3*b(r) + 7*h(r). What is a(u)?
-6
Let l(g) = 23*g**3 - 9*g**2 + 7*g - 5. Let t(u) = 34*u**3 - 13*u**2 + 10*u - 7. Let a(q) = -7*l(q) + 5*t(q). Suppose 1074*m - 1151*m + 77 = 0. Give a(m).
8
Let u(x) be the first derivative of x**5/60 - x**4/6 + x**3/3 + 9*x**2/2 + 8. Let c(f) be the second derivative of u(f). Let r = 211 - 208. Give c(r).
-1
Suppose 86*u = 51*u + 49*u - 518. Let m(y) be the third derivative of -5/6*y**3 + 0*y - u*y**2 + 1/4*y**4 + 1/120*y**6 - 7/60*y**5 + 0. What is m(6)?
-5
Let f(h) = 2*h. Suppose 4*l + 4*v - 52 = 0, -4 = 5*l - 2*v - 34. Give f(l).
16
Let o(l) be the third derivative of -l**5/60 - 3*l**4/2 + 32*l**3/3 + 2122*l**2 - 2. Give o(-38).
-12
Let r(y) = -3464 + 968 + 971 + 1014 + 11*y + 782. What is r(-25)?
-4
Let i = -222 - -231. Let d(k) = -14*k + 12*k - i + 3*k. Give d(17).
8
Let f(i) = 14*i - 24. Suppose 4*p = 34 - 26. Let k be f(p). Let z(a) = -a**2 + 6*a - 4. What is z(k)?
4
Let x(w) = w**3 + 10*w - 2*w - 4 + 1 + 8*w**2. Let t be ((-37)/74)/(1/(-4)). Let n be -5 - 1*(t + (4 - 4)). Give x(n).
-10
Let g(o) = -34*o - 249. Suppose 22*y = -2*c + 18*y - 32, 2*y = c. What is g(c)?
23
Let b(i) = -1. Let j(z) = -4 - z + 5 + 11. Let k(s) = 5*b(s) + j(s). Let v(c) = -46*c - 407. Let p be v(-9). Give k(p).
0
Let h(j) = -2*j**3 - 3*j**2 - 4*j - 2. Suppose -2*a + 3*m - 15 = 2, 2*m + 19 = -3*a. Let b be a/35 + 45/(-25). Give h(b).
10
Let a be 92/(-322)*14/(-8). Let g(z) be the second derivative of 0 - a*z**3 - z**2 - 1/12*z**4 - 18*z. What is g(-4)?
-6
Let m = -126 - -142. Suppose -m + 81 = 13*b. Let o(h) = h - 3. Determine o(b).
2
Let y be ((-1 - 9)*(-7)/(-28))/(1/2). Let s(h) be the second derivative of -h**5/20 - 5*h**4/12 - h**3/6 + 7*h**2/2 + 2*h. Give s(y).
12
Let f(x) be the first derivative of -1/4*x**4 + 6*x + 7/3*x**3 + 178 - 4*x**2. Give f(6).
-6
Let q(r) = -8 - 13*r**2 + 2*r + 3*r + 14 + 6*r + r**3. Suppose 4*l - 27 = 21. Determine q(l).
-6
Let f = -18 + 21. Let w(h) = -h - 3 + 4*h + f*h - h**2 - 1. Suppose 8 = 2*o - 3*b, -4*o + 51*b - 46*b + 16 = 0. What is w(o)?
4
Let s(a) be the second derivative of a**7/210 + a**6/180 - a**5/120 + 85*a**3/6 + 5*a + 4. Let v(f) be the second derivative of s(f). What is v(1)?
5
Let l(v) = -v**3 + 8*v - 2. Suppose 0 = -h + 9*u - 6*u + 5, -3*h - u - 15 = 0. Give l(h).
30
Let i(j) be the third derivative of 1/60*j**5 + 44*j**2 + 0 + 0*j + 5/24*j**4 + j**3. Determine i(-5).
6
Let n(r) = -3*r**3 + 11*r**2 - 4*r + 11. Let b(q) = 2*q**3 + q**2 - 1. Let d(j) = j**3 - j. Let l(c) = b(c) - d(c). Let h(g) = 4*l(g) + n(g). What is h(-15)?
7
Let w(l) be the second derivative of -1/3*l**4 + 1/2*l**3 - 1 + 1/20*l**5 - 13*l - 3/2*l**2. Give w(2).
-5
Let n(m) = -3*m + 8. Let c be n(1). Suppose -c*o = 3*q + 31, 4*q - 5*o + 0 = -18. Let a(z) be the third derivative of z**4/12 + z**3 + z**2. Give a(q).
-8
Let q(g) = g**3 - g - 5. Let r = -216 - -216. Suppose 15*n - 28*n = r. Give q(n).
-5
Suppose 0 = 57*c + 6801 - 7656. Let j(m) = m**3 - 15*m**2 - 6. What is j(c)?
-6
Let c be 15 + (-11)/4*4. Let n = 11 + -5. Let d(o) = -5 + n + 3 + o**2. Determine d(c).
20
Let x(h) = -3*h + 20. Let b(t) = 2*t - 13. Let i = 9 + -7. Let g be (i - -1)*32/12. Let y(w) = g*b(w) + 5*x(w). Calculate y(0).
-4
Let x(w) be the first derivative of 2*w - w**3 + 0*w**2 - 1/4*w**4 - 59. What is x(-2)?
-2
Let m(d) = -d**2 - 9*d - 3. Let u = -3987 + 3976. Calculate m(u).
-25
Let d(n) = 507*n - 48. Let l(x) = -179*x + 17. Let u(o) = 6*d(o) + 17*l(o). Let c be -2 - (1 - -1) - -2. Give u(c).
3
Let h = 165 - 162. Let r(b) = 20*b**3 + 0*b**h - 12*b + 12*b**2 + 7 - 21*b**3. Calculate r(11).
-4
Let n(c) = -6 - c**3 - c**2 + 2*c + 4*c**2 + 0*c**3. Let p = -349 - -352. Let h = p - -1. Give n(h).
-14
Let r(n) = 45*n - 8*n + 7 - 11*n - 14*n - 13*n. Suppose 0 = p - 3*p, 0 = -3*g + 3*p + 21. Calculate r(g).
0
Let m(z) be the second derivative of 0*z**3 + 1/40*z**5 + 0*z**2 - 43*z + 0 + 1/720*z**6 - 7/3*z**4. Let s(w) be the third derivative of m(w). Calculate s(3).
6
Let c be 0/(-1 + (2 - 2)). Suppose c = u, 0*b - b + u = -2. Let m(s) be the second derivative of -s**4/6 + s**2/2 + 301*s + 3. Calculate m(b).
-7
Suppose 0 = -8*m - 3338 + 17930. Let d(w) = -2*w**3 - 2*w + m*w**2 - 1824*w**2. Determine d(-2).
20
Let z(r) = -r + 5. Let q(l) = -l. Let d(f) = -2*q(f) + z(f). Let a(v) = 3*v + 14. Let n(t) = -2*a(t) + 7*d(t). Let b be (-33)/7 + 18/(-63). Give n(b).
2
Let l(k) = -18*k + 3. Let h be 26/(-91*(-12)/168). What is l(h)?
-69
Let v(c) be the third derivative of -c**5/30 + 3*c**4/8 - 13*c**3/6 - c**2 + 2*c. Let j be v(2). Let s(m) = -1 + 1 + 3 - 2*m. Determine s(j).
9
Let s(u) = -20*u + 1. Let y(t) be the first derivative of t**2/2 - 8*t - 17. Let d(a) = -a + 18. Let j be d(11). Let c be y(j). Determine s(c).
21
Let f(p) be the third derivative of -p**4/24 - p**3/3 - 135*p**2 + 1. Let s be 0 + (6/(-3) - 2). Determine f(s).
2
Suppose -1 = 5*i + 16*h - 12*h, -14 = -2*i - 4*h. Let x(t) = -1 - t - 10 + 2. What is x(i)?
-4
Let g(q) = 2*q + 8. Let p = 62 + -60. Suppose -p*a + 6 = -2. Let d = -10 + a. Give g(d).
-4
Suppose -28 = 30*i - 44*i. Let s(b) = -b. Let q be s(-3). Let a(l) = -2*l**3 + 4*l - q + l**3 - l. What is a(i)?
-5
Let t(f) = 90*f + 7. Let h(p) = p**2 - 90